6. Let j(p) be the first derivative of -3*p**w - 18 - 1/3*p**3 + 0*p. What is j(-5)?
5
Suppose 17*j + 5 = 12*j. Let l(r) = 3 - 39*r - 2 + 20*r + 21*r. Give l(j).
-1
Let m(z) = -2 + 0 - 9*z - 2 - 1 - z**2. Let b be (-28)/10 + 3 + (-1189)/145. Give m(b).
3
Let m(n) = -n**2 - 10*n + 19. Let f = 23014 - 23031. Give m(f).
-100
Let o(d) = -16*d - 49. Suppose 18*i = -4*i - 66. Let p be o(i). Let n(a) = -12*a. Calculate n(p).
12
Let b(x) be the third derivative of -x**4/24 - 13*x**3/6 + 883*x**2. Suppose -a - 2*a - 33 = 0. Calculate b(a).
-2
Let u(p) = -p**3 - p + 1. Let o be (-55)/(-15) - (-4)/12. Let w(s) = -2*s**3 - o*s + 0 + 4*s**2 - 2 + 0 + 3. Let n(j) = u(j) - w(j). Give n(3).
0
Let r = -185 + 186. Let w(z) = -5*z + 12*z - 5*z + r - z - 7. Calculate w(3).
-3
Let i(f) = f**2 - 7*f - 3. Let q(w) = 7*w**3 - 5*w**2 + 13*w + 3. Let d be q(5). Let a = -823 + d. What is i(a)?
57
Suppose 0 = 2*d - a + 2*a + 84, 2*a - 90 = 2*d. Let u = d + 51. Suppose 0 = 12*j + 4 + u. Let p(v) = -25*v**3 - v**2. Give p(j).
24
Let p(u) = 20*u + 54. Let i = 3771 + -3774. Calculate p(i).
-6
Let z be (-6)/9*18*9/(-27). Let h(a) = -3*a**2 + 5*a - 6. What is h(z)?
-34
Let t = 22 + -18. Let c be (-15 - 3)*2/3. Let y be (c/42)/(t/(-14)). Let d(s) = -18*s + 1. Calculate d(y).
-17
Let w(c) = -36*c - 52. Let y(p) = -109*p - 146. Let d(k) = -19*w(k) + 6*y(k). Give d(-4).
-8
Let j = 205 - 176. Suppose -j*h - 101 = 15. Let k(s) = 3*s - 6. Calculate k(h).
-18
Let s(o) be the second derivative of o**4/12 - 11*o**3/6 - 3*o**2/2 + 1635*o. Give s(11).
-3
Let t(n) = n**2 - 14*n + 28. Let c be t(12). Let m(h) be the first derivative of c*h - h - 8 - 11 + h**2 - 5*h. Calculate m(7).
12
Suppose -335 = -7*h + 183. Let j = h - 66. Let f(r) = -r + 3. Calculate f(j).
-5
Let c(b) = -b**3 + b**2 - 1. Let l(n) = -18*n**3 - n**2 - 3*n - 1. Let p be l(-2). Let r = 146 - p. Determine c(r).
-1
Let r(y) = y + 6. Let o(c) = -2*c**3 - c**2 + c - 6. Let k be o(-2). Let i be ((6/k)/1)/((-2)/(-36)). Suppose i = -z + 24. What is r(z)?
3
Let k(h) = h**3 - 7*h**2 - 8*h - 6. Let t(y) = -2*y**3 + 11*y - y + 5 + 0*y + 7*y**2. Let f(o) = 3*k(o) + 2*t(o). Calculate f(-6).
-20
Let x(y) = 762 - 1304 + 546 + y. Suppose 4*k = -2*g + 6, -7*k - 5*g = -2*k - 5. Suppose 0 = k*s + 2*s - 3*o + 16, -4*s - 2*o - 16 = 0. What is x(s)?
0
Let x(f) = -f**3 + 18*f**2 + 17*f + 26. Suppose -4*c + 8 = -68. Give x(c).
-12
Let x(w) be the third derivative of 2/3*w**3 + 0 + 1/8*w**4 - 1/120*w**6 + w**2 + 1/60*w**5 + 0*w. Let d(g) = -1296*g - 55725. Let v be d(-43). Give x(v).
-5
Let j(x) = x**2 + 2*x. Let r(v) = -3*v + 15. Let y(d) = -j(d) - r(d). Let u(h) be the first derivative of y(h). Suppose -7 + 2 = -5*f. Calculate u(f).
-1
Suppose -75*s + 76*s + 5*a = -18, 2*a + 3 = s. Let x(f) = -4*f - 2 + 4 - 7. Determine x(s).
7
Let f be 808/(-13) + (-2)/(-13). Let d = f - -64. Let w(h) = h**3 - 3*h**2 + 4. Let l be w(d). Let x(a) = -a - 10. Give x(l).
-10
Let j = 243 + -412. Let f = 168 + j. Let t(p) be the second derivative of 5*p**4/12 + p**3/6 + p**2/2 + p. Calculate t(f).
5
Let z(s) be the third derivative of s**4/24 - 7*s**3/6 + 7*s**2. Suppose 68*r - 66*r = -4*k + 16, -3*r + 24 = -5*k. Calculate z(r).
1
Let w = -1136 + 1137. Let d(t) = -48*t + 11. Let s(n) = -23*n + 5. Let i(r) = 6*d(r) - 13*s(r). Give i(w).
12
Let s(t) = -5*t + 0*t + 3 + 2*t**2 - 24 + 11 + 4*t. Calculate s(4).
18
Let g(d) = d - 5*d - 2453*d**2 - 2451*d**2 + 4902*d**2. Calculate g(-6).
-48
Suppose -t + 5 = -5*s, -2*s = -t - 0 + 5. Let g(r) = 2*r - r - r**3 - 28 + 9*r**2 + s*r + 21. Determine g(9).
2
Let f be (-18)/4 + (-1)/2. Let i(r) = 2*r. Let n(u) = -5*u + 4*u - 2 + 11*u. Let v(p) = -4*i(p) + n(p). Calculate v(f).
-12
Let j(b) = -b**2 + 9*b - 15. Suppose 398 = -30*x + 32*x. Let w = -189 + x. Calculate j(w).
-25
Suppose 3*p = -4*h - 4, 3*p + 2*p - 16 = -h. Let c(r) = -4*r - p - 34*r**2 + 35*r**2 - 1 - r. Suppose -3*n + 8*n - 2*m = 40, 2*m = -4*n + 14. What is c(n)?
1
Let m(l) be the first derivative of 0*l - 1/3*l**3 - 21/2*l**2 - 7 + 1/4*l**4. Let g(b) be the second derivative of m(b). Give g(2).
10
Let u(a) = 3*a - 5. Let z(t) = -36 - 12 - 2 + 13*t. Let b be z(4). Calculate u(b).
1
Let f be (-20)/(-15)*9/(-2). Let u(x) = -244 + 720 - 241 - 241 - 3*x. Let y(a) = 2*a + 6. Let l(j) = f*y(j) - 5*u(j). Calculate l(4).
6
Let u(h) = -95*h + 29. Let b be u(7). Let q be 53/b - (-74)/24. Let n(t) = t**2 - 3*t + 1. Give n(q).
1
Let q = -43 + 46. Let o(g) = 4 - 1 - 8*g - g**2 + g**2 + q*g**2. Let x be o(3). Let b(v) = -v - 2. Determine b(x).
-8
Let k(r) = -r**2 - 1. Let y(f) = -f**2 + 16*f + 34. Let p(s) = -6*k(s) + 2*y(s). Determine p(-5).
14
Let r = -70 + 76. Suppose -r = -4*t + 6. Let l(u) = -t*u + 6*u - u**2 + 0*u + 6*u**2. Give l(-2).
14
Let x(y) be the third derivative of -7*y**4/24 - 63*y**3 + 65*y**2 - y - 23. What is x(-53)?
-7
Let m(u) = 8*u + 2. Let y be ((-60)/(-100))/(27/15 + -2). What is m(y)?
-22
Let t(a) be the second derivative of -a**2 + 88*a. Let z(w) = w - 2. Let r(i) = 6*t(i) - z(i). Calculate r(0).
-10
Let w be (-1)/15*3*0. Suppose 3*u + 12 = w, -2*v + u + 4*u + 28 = 0. Let g(l) = -l**2 - 1. What is g(v)?
-17
Let b be (-2)/(-6) + 119/(-51). Let t(g) = -3*g**2 - 52 - 57 + 159 - 6*g + 3*g - 53. Calculate t(b).
-9
Let q(j) = 2*j**2 - 2*j + j**2 - 17*j**2 - 2 + 15*j**2 - 7*j. Calculate q(8).
-10
Let k(m) = 12*m**3 - 16*m**2 - 21*m + 14. Let b(a) = 17*a**3 - 23*a**2 - 31*a + 21. Let p(f) = -5*b(f) + 7*k(f). Determine p(-3).
23
Let p(l) be the first derivative of l**4/12 + l**3 + 3*l**2 - 114*l + 49. Let y(m) be the first derivative of p(m). Determine y(-6).
6
Suppose 3*k = -q + 2*q + 5, -2*q = -2. Let o(d) = -32*d**2 - 40*d**k + 68*d**2 + 5 - d**3 - d. Calculate o(-4).
9
Let t(h) = -h**2 + 2*h + 2. Let s be t(3). Let v be -1*(0 - s - 4). Let q(p) = -p + 1. Let m(j) = 2*j + 3. Let n(a) = -m(a) + q(a). What is n(v)?
-11
Let p(o) be the third derivative of 11*o**4/8 + 7*o**3/6 - 1749*o**2 - 5*o. Calculate p(-1).
-26
Let i(p) be the third derivative of p**6/120 + p**5/60 + p**4/24 - 4*p**3/3 - 3*p**2. Let u = -1155 - -1155. Give i(u).
-8
Suppose -2*p - 24 = -4*a, -2*p - 34 + 16 = -3*a. Let j(v) = 26*v + 23. Let n(h) = 9*h + 8. Let b(k) = -6*j(k) + 17*n(k). What is b(a)?
-20
Let q(x) = 59*x**3 - 8*x**2 + 17*x - 12. Let a(s) = -60*s**3 + 9*s**2 - 20*s + 14. Let g(t) = 6*a(t) + 7*q(t). Determine g(-1).
-54
Let r(u) = u**3 + 5*u**2 + u + 4. Let l be r(-5). Let k(h) = -90*h**3 - h**2 - 4*h - 4. Determine k(l).
89
Let k(c) = c**3 - 5*c**2 + 3*c + 8. Let z be k(4). Let d(p) = 5*p**2 - 15*p**2 + 0 + 11*p**2 - 121*p - 1 + 124*p. What is d(z)?
27
Let r(c) = -35*c**2 + 2*c - 30. Let d(v) = 58*v**2 - 5*v + 63. Let f(t) = -3*d(t) - 5*r(t). Calculate f(5).
11
Let o be (-2)/(-2 + (-10)/(-4)). Let q(n) = 1 - n - 264*n**2 - 2 + 412*n**2 - 149*n**2 + 2. What is q(o)?
-11
Let n(f) be the third derivative of -f**6/360 - f**5/15 - f**4/6 - 53*f**3/6 - 3*f**2 - 3*f. Let g(y) be the first derivative of n(y). Give g(-7).
3
Let k(u) = u**2 + 9*u + 7. Suppose -5*a = -10*a + 3385. Suppose -676*p = -a*p - 6. Give k(p).
-11
Let d be (-94)/(-10) - (-14)/(-35). Let g be -10*(d/15)/(-1). Let j(c) = -5 + c**3 - 15*c + 11 + 8*c + g*c**2. What is j(-7)?
6
Let i = -3562 + 3566. Let o(k) = -5*k**2 + 32*k - 2. Calculate o(i).
46
Let q(f) be the first derivative of -f**4 - 32*f**3/3 - f**2/2 - 99. Let w be q(-8). Let a(n) = -2*n + 10. Give a(w).
-6
Let o(x) = -4 - 11*x**3 + 2*x**3 + 5*x + 4*x**3. Let v(h) = 2*h**3 - 2*h + 2. Let k(c) = 3*o(c) + 7*v(c). What is k(2)?
-4
Let t(x) = x**3 - 37*x**2 + 40*x - 146. Let y be t(36). Let u be (-3)/3*y/(-2). Let o(n) = -8*n**2 - 1. Calculate o(u).
-9
Let h be -4*(-1)/((-16)/12). Let t(o) = o**2 + 5*o - 21. Let b be t(-8). Let p(c) = 0*c + b*c + 3*c - 4*c + 2. Give p(h).
-4
Suppose v - 17 = -18. Let o be (-1)/1 - (v - 1). Let g(z) = 6*z**2 + z**3 - 7 - 2*z + o - 1. What is g(-6)?
5
Let a(o) = o**2 - 5*o. Suppose -5*x = -2*f - 12, 0*f - 5*x = f - 24. Suppose -10*p = -f*p - 114. Let y = p + -15. Give a(y).
-4
Let k(o) = o**2 - 6*o + 4. Suppose -4 = 2*q - 5*u, 5*u - 10*u + 16 = 2*q. Determine k(q).
-5
Let v(y) = y**2 + y - 5. Let i(b) = b**3 - b**2 + 2*b + 5. Let j be i(0). Suppose j*w - 4 = -2*n + 16, -n = w - 7. Let x be (0/2)/(w/2). What is v(x)?
-5
Let z = -1859